 digit of 142202?
0
What is the units digit of 33593?
3
What is the hundreds digit of 6966?
9
What is the hundreds digit of 1837?
8
What is the tens digit of 56828?
2
What is the hundreds digit of 2338?
3
What is the thousands digit of 43644?
3
What is the thousands digit of 56897?
6
What is the tens digit of 16403?
0
What is the units digit of 16051?
1
What is the tens digit of 818?
1
What is the thousands digit of 1150?
1
What is the tens digit of 127479?
7
What is the hundreds digit of 157193?
1
What is the hundreds digit of 1055?
0
What is the thousands digit of 2257?
2
What is the hundreds digit of 669?
6
What is the units digit of 10558?
8
What is the hundreds digit of 18104?
1
What is the hundreds digit of 6941?
9
What is the tens digit of 1417?
1
What is the hundreds digit of 1212?
2
What is the units digit of 31421?
1
What is the hundreds digit of 691?
6
What is the hundreds digit of 6422?
4
What is the ten thousands digit of 31593?
3
What is the thousands digit of 2565?
2
What is the units digit of 8305?
5
What is the tens digit of 111?
1
What is the units digit of 708?
8
What is the units digit of 1780?
0
What is the hundreds digit of 6083?
0
What is the hundreds digit of 38352?
3
What is the thousands digit of 24192?
4
What is the units digit of 30049?
9
What is the hundreds digit of 286?
2
What is the thousands digit of 4119?
4
What is the hundreds digit of 162?
1
What is the units digit of 13891?
1
What is the ten thousands digit of 165603?
6
What is the thousands digit of 149795?
9
What is the ten thousands digit of 119716?
1
What is the thousands digit of 15952?
5
What is the ten thousands digit of 38176?
3
What is the hundreds digit of 100967?
9
What is the thousands digit of 1721?
1
What is the hundreds digit of 578?
5
What is the units digit of 734?
4
What is the thousands digit of 22730?
2
What is the tens digit of 367?
6
What is the units digit of 15686?
6
What is the hundreds digit of 797?
7
What is the hundreds digit of 939?
9
What is the hundreds digit of 71197?
1
What is the thousands digit of 56425?
6
What is the units digit of 1243?
3
What is the thousands digit of 7564?
7
What is the tens digit of 34437?
3
What is the tens digit of 619?
1
What is the units digit of 516?
6
What is the tens digit of 1122?
2
What is the tens digit of 974?
7
What is the units digit of 1964?
4
What is the ten thousands digit of 11867?
1
What is the units digit of 2793?
3
What is the ten thousands digit of 10049?
1
What is the units digit of 234?
4
What is the thousands digit of 12030?
2
What is the tens digit of 1227?
2
What is the ten thousands digit of 10795?
1
What is the hundreds digit of 118589?
5
What is the thousands digit of 92748?
2
What is the units digit of 867?
7
What is the tens digit of 16414?
1
What is the units digit of 11919?
9
What is the units digit of 1265?
5
What is the hundreds digit of 1917?
9
What is the units digit of 66249?
9
What is the hundreds digit of 767?
7
What is the hundreds digit of 142764?
7
What is the units digit of 50396?
6
What is the units digit of 17824?
4
What is the thousands digit of 64640?
4
What is the tens digit of 503?
0
What is the hundreds digit of 295?
2
What is the units digit of 183?
3
What is the thousands digit of 1984?
1
What is the tens digit of 742?
4
What is the thousands digit of 9873?
9
What is the tens digit of 2290?
9
What is the thousands digit of 1610?
1
What is the units digit of 917?
7
What is the hundreds digit of 27190?
1
What is the units digit of 5960?
0
What is the ten thousands digit of 45729?
4
What is the thousands digit of 21997?
1
What is the hundreds digit of 396?
3
What is the units digit of 56?
6
What is the thousands digit of 45413?
5
What is the thousands digit of 58360?
8
What is the tens digit of 36400?
0
What is the units digit of 512?
2
What is the ten thousands digit of 51423?
5
What is the thousands digit of 2625?
2
What is the units digit of 76750?
0
What is the units digit of 209?
9
What is the hundreds digit of 721?
7
What is the units digit of 1527?
7
What is the tens digit of 9436?
3
What is the tens digit of 26092?
9
What is the tens digit of 19682?
8
What is the thousands digit of 2705?
2
What is the units digit of 18645?
5
What is the tens digit of 71459?
5
What is the thousands digit of 15035?
5
What is the units digit of 8360?
0
What is the hundreds digit of 10668?
6
What is the units digit of 15368?
8
What is the units digit of 42871?
1
What is the units digit of 670?
0
What is the hundreds digit of 4682?
6
What is the tens digit of 44604?
0
What is the tens digit of 3818?
1
What is the ten thousands digit of 16396?
1
What is the tens digit of 1132?
3
What is the hundreds digit of 56542?
5
What is the units digit of 834?
4
What is the units digit of 1277?
7
What is the hundreds digit of 1864?
8
What is the thousands digit of 3030?
3
What is the hundreds digit of 6639?
6
What is the tens digit of 105412?
1
What is the units digit of 20417?
7
What is the hundreds digit of 1659?
6
What is the tens digit of 4711?
1
What is the thousands digit of 10894?
0
What is the thousands digit of 2243?
2
What is the tens digit of 3125?
2
What is the tens digit of 1692?
9
What is the units digit of 7812?
2
What is the units digit of 69804?
4
What is the thousands digit of 54617?
4
What is the hundreds digit of 11312?
3
What is the hundreds digit of 2499?
4
What is the hundreds digit of 300?
3
What is the hundreds digit of 276?
2
What is the units digit of 74285?
5
What is the hundreds digit of 3395?
3
What is the hundreds digit of 1340?
3
What is the ten thousands digit of 43422?
4
What is the thousands digit of 8358?
8
What is the thousands digit of 70203?
0
What is the units digit of 576?
6
What is the thousands digit of 1217?
1
What is the thousands digit of 13279?
3
What is the tens digit of 1375?
7
What is the tens digit of 998?
9
What is the hundreds digit of 8775?
7
What is the tens digit of 2661?
6
What is the thousands digit of 13396?
3
What is the tens digit of 1119?
1
What is the tens digit of 69874?
7
What is the units digit of 863?
3
What is the thousands digit of 1010?
1
What is the thousands digit of 6080?
6
What is the thousands digit of 36968?
6
What is the units digit of 28171?
1
What is the tens digit of 773?
7
What is the ten thousands digit of 57271?
5
What is the tens digit of 11699?
9
What is the tens digit of 4877?
7
What is the tens digit of 43420?
2
What is the hundreds digit of 34670?
6
What is the hundreds digit of 941?
9
What is the units digit of 74677?
7
What is the tens digit of 941?
4
What is the units digit of 78885?
5
What is the thousands digit of 3855?
3
What is the thousands digit of 15602?
5
What is the thousands digit of 3122?
3
What is the tens digit of 2803?
0
What is the units digit of 851?
1
What is the hundreds digit of 33827?
8
What is the tens digit of 21236?
3
What is the hundreds digit of 3170?
1
What is the ten thousands digit of 34648?
3
What is the units digit of 49852?
2
What is the hundreds digit of 49451?
4
What is the tens digit of 1835?
3
What is the thousands digit of 12813?
2
What is the ten thousands digit of 75732?
7
What is the hundreds digit of 420?
4
What is the tens digit of 85757?
5
What is the tens digit of 10738?
3
What is the thousands digit of 15285?
5
What is the tens digit of 24109?
0
What is the thousands digit of 9893?
9
What is the hundreds digit of 54249?
2
What is the tens digit of 2280?
8
What is the thousands digit of 1407?
1
What is the thousands digit of 1111?
1
What is the units digit of 25577?
7
What is the units digit of 421?
1
What is the tens digit of 184762?
6
What is the hundreds digit of 1498?
4
What is the tens digit of 136865?
6
What is the tens digit of 243?
4
What is the tens digit of 2927?
2
What is the thousands digit of 3867?
3
What is the units digit of 55983?
3
What is the tens digit of 1872?
7
What is the thousands digit of 1144?
1
What is the units digit of 2292?
2
What is the hundreds digit of 53384?
3
What is the hundreds digit of 9182?
1
What is the units digit of 28818?
8
What is the ten thousands digit of 17662?
1
What is the ten thousands digit of 25567?
2
What is the units digit of 5422?
2
What is the hundreds digit of 7475?
4
What is the ten tho